actors of g(l)?
2, 3
Let p be (-1)/(1/(-8)) - 2. Let v = p + 13. List the prime factors of v.
19
Let j(q) = -2*q**3 - 5*q**2 + 4*q + 12. What are the prime factors of j(-6)?
2, 3, 5
Let h(w) = w**3 - w**2 - w. Let c(n) = n - 2. Let z be c(4). List the prime factors of h(z).
2
Suppose -4*n = o + 4, 3*o - n + 12 = n. Let k be 3/o + 60/16. Suppose -k*a = -a - 14. What are the prime factors of a?
7
Suppose -5*g = f - 47, -2*g + 4 = -3*f + 60. What are the prime factors of f?
2, 11
Let a(v) = -v**3 - 9*v**2 - 6*v + 11. Let w be a(-8). Let h(x) be the first derivative of x**3/3 + 5*x**2/2 + 7*x - 1. List the prime factors of h(w).
7
Let h(d) = -d + 6. Let w be ((-30)/9*-3)/(-2). List the prime factors of h(w).
11
Suppose -w = -3*w + 76. What are the prime factors of w - (-1 - (-2)/2)?
2, 19
Suppose 3*u = 3 + 27. Suppose -10 + 0 = 5*o. Let g = u + o. What are the prime factors of g?
2
Suppose u = 3*u. Suppose -5*h - 4*d = -3*h - 14, u = h - 4*d + 5. Suppose -b = h*b - 16. What are the prime factors of b?
2
Let r(a) be the second derivative of a**5/20 - 2*a**4/3 + a**3 + 7*a**2/2 + 2*a. Let w be r(7). List the prime factors of w/4 + (-2 - -19).
17
Let d(m) = 4*m**2 - 19*m - 10. Let q be d(16). List the prime factors of 2/(-5) - q/(-25).
2, 7
Suppose 3 = -3*a + 2*a + y, y = 5. Suppose 3 = a*n + 1. Suppose -n = -s - 4*v + 4, -25 = -5*s - 5*v. What are the prime factors of s?
5
Suppose 4*z - z = 0. Let j = z - -2. Suppose -j*s + 3 + 3 = 0. List the prime factors of s.
3
Suppose -5*d - 5*q - 215 = 0, -d + 0*d - 2*q = 47. Let p = d - -56. List the prime factors of p.
17
Let i = 3 - 6. What are the prime factors of ((-184)/12 + 4)*i?
2, 17
Suppose 4*i + 4*m = 572, 130 + 545 = 5*i - 3*m. Let h = -97 + i. List the prime factors of h.
41
Let v(k) = -5*k**2 + 2. Let d(a) = -7*a**2 + 3. Let u(n) = 5*d(n) - 8*v(n). What are the prime factors of u(-1)?
2
Suppose 12 = 6*v - 2*v. Let b = v - 0. List the prime factors of b.
3
Let o = 2 - -2. Suppose o*j - 54 = 14. What are the prime factors of j?
17
Let v be (-4)/(-18) + 170/45. Let r = 24 - v. List the prime factors of r.
2, 5
Let v = 34 + -21. Let g = -8 + v. List the prime factors of g.
5
Let n(d) = -31*d + 1. List the prime factors of n(-2).
3, 7
What are the prime factors of (-148)/(-4) + 2 - -4?
43
Let m = -2 - -2. Suppose -2*t + 1 + 7 = m. Suppose 0 = -2*d - 2, -k - 24 = -t*k + 3*d. List the prime factors of k.
7
Let b = -1 - -37. What are the prime factors of (b/24)/(3/34)?
17
Suppose 0 = -x + 4*n + 8, -x + 2*n + 4 = -3*x. Suppose x*p = -2*p + 50. List the prime factors of p.
5
Let q(x) = -3*x - 3 - 2*x**2 + 3*x**2 + 8*x + 7. Let f be 6/5*-1*5. What are the prime factors of q(f)?
2, 5
Suppose 16 = g + g. Let u = g - -5. What are the prime factors of u?
13
Let a = -13 - -19. What are the prime factors of a?
2, 3
Let u(i) = i. Let h be u(7). Suppose 0 = -b + h. What are the prime factors of b?
7
Let p(k) = -k**3 + 10*k**2 - 8*k + 11. List the prime factors of p(6).
107
Let t(n) = 30*n**2 + 3*n - 3. What are the prime factors of t(3)?
2, 3, 23
What are the prime factors of ((-20)/15)/(-4)*12?
2
What are the prime factors of -2*(-5)/(40/308)?
7, 11
Suppose 1 = -n - 6. Let x(k) = -4*k + 2. What are the prime factors of x(n)?
2, 3, 5
Let d(n) = n**3 - n**2 - 4*n - 1. Let o be d(3). Suppose -2*s = -3*q - 0 - 3, q = -o*s - 1. Suppose s = 2*j - j - 2. What are the prime factors of j?
2
Let j(o) = 40*o - 4. List the prime factors of j(3).
2, 29
Suppose 2*m - 372 = -2*h + 36, -5*h + 5*m + 1040 = 0. List the prime factors of h.
2, 103
Suppose 0 = i + 3 - 5. Suppose 5*r - 49 = -i*c, c + 3*r = 22 + 5. What are the prime factors of c?
2, 3
Let q(a) = a - 1 + a**3 + 3 + 0*a**2 - a**2. Let v be q(-2). What are the prime factors of 42/4*(-8)/v?
7
What are the prime factors of -3*2/6*-65?
5, 13
List the prime factors of (-3)/(-3) + 3 - (-253 + -5).
2, 131
Let p(z) = z**2 - 6*z + 5. Let h be p(5). Suppose -i = h, -q + 0*i = 3*i + 12. List the prime factors of (q/(-10))/(3/30).
2, 3
Let f(k) = -2*k**2 + k - 7. Let y(s) = -s + 1. Let i(w) = -f(w) - 4*y(w). Let v be i(3). Suppose -3*p + v = -6. List the prime factors of p.
2, 3
Let i be 1/((-1 - 1)/2). Let r = 6 + i. Suppose r*a = 9 + 6. What are the prime factors of a?
3
Let u = 62 - 97. Let j = u + 54. What are the prime factors of j?
19
Suppose -6*p + 4*h + 56 = -2*p, 5*p - 88 = -4*h. Let a = -11 + p. Let g = a - 3. What are the prime factors of g?
2
Suppose 4*u - 7 - 13 = 0, -4*t + 4*u = -20. Suppose -24 = -4*k + 8*k. Let d = k + t. What are the prime factors of d?
2
Let b = -28 + 47. Suppose 4*q + 55 = 3*c + 2*c, -2*c + q = -b. What are the prime factors of c?
7
Suppose u + 4*q + 42 = 120, -4*q + 12 = 0. What are the prime factors of u?
2, 3, 11
Suppose -2*h = 2*h - 84. Suppose -4*y + 5*y = h. List the prime factors of y.
3, 7
Let k be ((-2)/6)/(8/(-192)). Let q(c) = c**3 - 8*c**2 + 2*c - 9. What are the prime factors of q(k)?
7
Let j(l) = 29*l**3 - l**2 + 2*l - 1. List the prime factors of j(1).
29
Suppose 5*p - 745 = 4*r, 5*p + r - 639 = 81. List the prime factors of p.
5, 29
Suppose -5*q - g + 30 = 0, -g + 1 - 6 = -2*q. Let s(x) be the first derivative of -x**3/3 + 5*x**2/2 + 6*x + 2. List the prime factors of s(q).
2, 3
Suppose -4*y - 335 = -3*x + 380, -3*y - 714 = -3*x. Suppose 0 = -3*j - 12, 79 - x = -5*b - 3*j. List the prime factors of b.
2, 17
List the prime factors of 866/16 + (-1)/8.
2, 3
Let r(t) be the third derivative of t**5/10 - t**4/24 - 7*t**3/6 - 7*t**2. List the prime factors of r(3).
2, 11
Let h(k) be the second derivative of -k**5/20 - 2*k**4/3 - 3*k**3/2 - 7*k**2/2 - 3*k. Let c be h(-7). Let s = c + -4. List the prime factors of s.
3
Suppose 3*r + 3*k - 681 = 0, 3*r - 5*k - 768 + 55 = 0. List the prime factors of r.
3, 7, 11
Suppose -8 = 4*y, d - 23 = 4*y - 4. What are the prime factors of d?
11
Suppose -9 = -2*z + 1. Let b = z - 2. List the prime factors of b.
3
What are the prime factors of (32/(-10))/((-2)/5)?
2
Let u = -6 - -8. Suppose u*q - 28 = -0*q. What are the prime factors of q?
2, 7
Suppose z = 5*z + 4*n, -5*n - 6 = 3*z. Suppose -2*r - z*d + d = -40, r - 2*d - 14 = 0. List the prime factors of r.
2, 3
Let w(t) = -t**2 + 10*t - 5. Let j be w(8). Suppose -3*o - 2*o + j = -m, 0 = -4*o + 4. Let d(b) = -b**2 - 6*b + 2. List the prime factors of d(m).
2
Suppose -3*v + 5*v = 80. What are the prime factors of v?
2, 5
Let x(w) = w**3 - 8*w**2 - 7*w + 9. Suppose 2*s = 10 + 8. List the prime factors of x(s).
3
Let j be (1/2)/((-2)/(-8)). Suppose -2*d = 2*a - 7*d + j, -2*a + 16 = 4*d. What are the prime factors of (-2)/(0 - a/14)?
7
Let k(p) = p**2 + 5*p + 3. Let m be 3/(-3) - (-4 + 11). What are the prime factors of k(m)?
3
Let i(o) = -o**3 - 9*o**2 + 7*o - 11. What are the prime factors of i(-10)?
19
Let c(i) = i**3 + 6*i**2 + 4*i + 3. Let b(q) = 1 - q - 5*q**2 - q + q. Let v be b(1). What are the prime factors of c(v)?
2
Let r = -5 - -33. Suppose 2*k = -4*p, -p + 7 - r = -3*k. List the prime factors of k.
2, 3
Let k(v) = -4*v - 43. What are the prime factors of k(-13)?
3
Let i = 70 - 50. What are the prime factors of i?
2, 5
Suppose 3*w - 101 - 25 = 0. What are the prime factors of w?
2, 3, 7
Suppose -3*m = 2*m - 15. Let d = m - 6. List the prime factors of 3/(-6)*-2 - d.
2
Suppose 0*v + 4*v = -16. List the prime factors of 45 - 5*v/(-10).
43
Suppose -l = 4*s - 72, -s = -0*s + 1. List the prime factors of l.
2, 19
Let w = -8 + 9. Suppose 5 + w = 2*p. What are the prime factors of p?
3
Let n(j) = j**2 + 5*j - 5. List the prime factors of n(-9).
31
What are the prime factors of 1/1 - 1332/(-9)?
149
Suppose 0 = k + 5*n - 381, 7*k = 3*k + 5*n + 1499. List the prime factors of k.
2, 47
Suppose 0 = -5*v + 2*v + 36. Suppose -v = 3*a, 0 = 4*j - j - a - 145. What are the prime factors of j?
47
Suppose 0 = 3*t - 2*t - 11. Suppose 0 = 2*q - 5*r - 3, q - t + 3 = -4*r. List the prime factors of q.
2
Suppose -2*o = 3*o - 4*h - 2, o - 12 = -5*h. Let q(j) = 2*j**3 - j**2 - 1. List the prime factors of q(o).
11
Let v = 323 + -129. List the prime factors of v.
2, 97
Let v = -33 - -72. What are the prime factors of v?
3, 13
Let x = 16 + -8. Let c = x - 5. Suppose -c*s + 19 = -14. What are the prime factors of s?
11
Suppose 7*m + 428 = 11*m. List the prime factors of